to base 7.
-1
What is -126 (base 10) in base 9?
-150
What is -4 (base 14) in base 13?
-4
Convert 2 (base 12) to base 2.
10
Convert 2c (base 14) to base 11.
37
-2 (base 4) to base 7
-2
Convert 7b (base 16) to base 8.
173
-203 (base 4) to base 8
-43
7 (base 9) to base 13
7
What is -2 (base 14) in base 8?
-2
What is -13 (base 4) in base 14?
-7
Convert 11010 (base 2) to base 13.
20
What is -4 (base 14) in base 13?
-4
-2b (base 13) to base 9
-41
What is -7 (base 12) in base 6?
-11
Convert -a (base 12) to base 15.
-a
What is -4 (base 12) in base 4?
-10
Convert -4 (base 15) to base 2.
-100
-102 (base 11) to base 13
-96
What is -10011 (base 2) in base 11?
-18
-2 (base 13) to base 11
-2
What is 0 (base 2) in base 3?
0
Convert 0 (base 4) to base 12.
0
Convert -9b (base 14) to base 11.
-115
Convert 127 (base 8) to base 15.
5c
What is 1 (base 15) in base 11?
1
-5 (base 13) to base 14
-5
-111 (base 2) to base 13
-7
1101 (base 2) to base 16
d
Convert -11 (base 5) to base 16.
-6
What is -11 (base 6) in base 11?
-7
What is -6 (base 15) in base 16?
-6
-17 (base 9) to base 8
-20
b (base 12) to base 11
10
Convert 3 (base 5) to base 10.
3
100 (base 2) to base 5
4
What is 3 (base 10) in base 9?
3
0 (base 6) to base 11
0
2 (base 4) to base 15
2
What is 21 (base 4) in base 14?
9
What is -2 (base 9) in base 2?
-10
Convert 1 (base 9) to base 7.
1
Convert -104 (base 10) to base 9.
-125
-6 (base 10) to base 9
-6
210 (base 9) to base 14
c3
-3 (base 5) to base 15
-3
-4 (base 7) to base 16
-4
Convert 0 (base 9) to base 6.
0
What is 52 (base 7) in base 8?
45
Convert 23 (base 4) to base 11.
10
6 (base 7) to base 15
6
What is 512 (base 6) in base 4?
2330
What is -11 (base 11) in base 3?
-110
10 (base 5) to base 8
5
Convert 18 (base 12) to base 2.
10100
Convert -3 (base 11) to base 3.
-10
24 (base 8) to base 9
22
2 (base 9) to base 2
10
What is 72 (base 9) in base 11?
5a
4 (base 11) to base 13
4
What is -95 (base 12) in base 10?
-113
What is -401 (base 7) in base 12?
-145
Convert -aa (base 12) to base 6.
-334
Convert -2 (base 7) to base 11.
-2
Convert -11201 (base 3) to base 2.
-1111111
Convert 41 (base 16) to base 8.
101
Convert 110 (base 7) to base 10.
56
What is -33 (base 6) in base 12?
-19
What is -8 (base 15) in base 8?
-10
Convert 11 (base 7) to base 15.
8
What is -4 (base 16) in base 11?
-4
-1 (base 8) to base 5
-1
-3 (base 9) to base 4
-3
3 (base 12) to base 4
3
20 (base 3) to base 16
6
Convert 83 (base 12) to base 5.
344
10 (base 2) to base 5
2
What is -32 (base 6) in base 13?
-17
-110 (base 2) to base 12
-6
64 (base 15) to base 12
7a
Convert -3a (base 16) to base 12.
-4a
What is -21 (base 10) in base 11?
-1a
0 (base 16) to base 10
0
-3 (base 6) to base 11
-3
-1 (base 16) to base 10
-1
Convert -4 (base 13) to base 2.
-100
Convert 3 (base 11) to base 6.
3
Convert -143 (base 7) to base 3.
-2222
1111000 (base 2) to base 12
a0
2 (base 5) to base 3
2
What is 23 (base 6) in base 11?
14
What is -7 (base 14) in base 10?
-7
What is -2 (base 4) in base 16?
-2
-36 (base 10) to base 7
-51
4 (base 8) to base 10
4
What is 47 (base 16) in base 7?
131
Convert -43 (base 7) to base 4.
-133
What is -2 (base 11) in base 15?
-2
What is -323 (base 8) in base 2?
-11010011
1 (base 3) to base 15
1
Convert 0 (base 14) to base 8.
0
Convert 1 (base 9) to base 5.
1
125 (base 12) to base 2
10101101
-3 (base 4) to base 16
-3
Convert -4d (base 16) to base 10.
-77
What is 2 (base 15) in base 4?
2
What is 1 (base 7) in base 5?
1
11 (base 9) to base 14
a
-2 (base 3) to base 16
-2
Convert -12 (base 12) to base 9.
-15
Convert 60 (base 7) to base 9.
46
Convert 16 (base 13) to base 4.
103
Convert 28 (base 9) to base 6.
42
Convert -3 (base 4) to base 2.
-11
What is 0 (base 8) in base 7?
0
100 (base 2) to base 15
4
-5 (base 14) to base 13
-5
-46 (base 11) to base 8
-62
What is -108 (base 9) in base 3?
-10022
-46 (base 10) to base 14
-34
Convert 2 (base 4) to base 6.
2
Convert 11 (base 2) to base 4.
3
313 (base 8) to base 12
14b
-89 (base 10) to base 16
-59
-2 (base 10) to base 7
-2
-4 (base 15) to base 11
-4
What is 19 (base 15) in base 2?
11000
What is 2121 (base 3) in base 15?
4a
-1143 (base 5) to base 2
-10101101
8 (base 9) to base 13
8
Convert -4 (base 8) to base 14.
-4
1113 (base 5) to base 10
158
Convert 6 (base 11) to base 14.
6
-38 (base 11) to base 12
-35
-356 (base 9) to base 16
-126
What is -60 (base 10) in base 8?
-74
Convert 56 (base 9) to base 3.
1220
What is -5 (base 11) in base 9?
-5
-20221 (base 3) to base 4
-2323
Convert -2 (base 7) to base 5.
-2
0 (base 13) to base 16
0
What is 40 (base 7) in base 2?
11100
What is -2 (base 11) in base 12?
-2
Convert 52 (base 11) to base 10.
57
Convert 441 (base 5) to base 2.
1111001
Convert -b2 (base 12) to base 6.
-342
Convert 23 (base 7) to base 2.
10001
Convert 0 (base 5) to base 3.
0
Convert -11 (base 14) to base 13.
-12
What is 2 (base 7) in base 3?
2
-103 (base 4) to base 3
-201
What is -6 (base 12) in base 7?
-6
-10 (base 3) to base 10
-3
14 (base 7) to base 9
12
-58 (base 11) to base 4
-333
What is -4 (base 12) in base 8?
-4
-334 (base 5) to base 16
-5e
What is 0 (base 10) in base 7?
0
Convert -23 (base 4) to base 9.
-12
Convert 1301 (base 4) to base 14.
81
Convert 5 (base 7) to base 8.
5
What is -5 (base 12) in base 14?
-5
Convert -19 (base 11) to base 2.
-10100
What is -3 (base 12) in base 3?
-10
What is 5 (base 11) in base 12?
5
20 (base 7) to base 5
24
Convert -10 (base 5) to base 8.
-5
What is -14 (base 11) in base 4?
-33
What is -1041 (base 6) in base 14?
-133
Convert -2 (base 8) to base 9.
-2
-31 (base 12) to base 2
-100101
81 (base 13) to base 14
77
What is 0 (base 9) in base 10?
0
Convert 9 (base 12) to base 6.
13
What is 1040 (base 5) in base 8?
221
88 (base 12) to base 8
150
Convert -3 (base 5) to base 15.
-3
Convert 4 (base 8) to base 2.
100
What is 1011 (base 2) in base 8?
13
-2 (base 8) to base 2
-10
-7 (base 10) to base 15
-7
-2 (base 16) to base 3
-2
111 (base 4) to base 16
15
Convert 100 (base 2) to base 11.
4
What is 2 (base 6) in base 11?
2
4 (base 10) to base 12
4
7 (base 13) to base 2
111
What is -10 (base 4) in base 6?
-4
Convert 0 (base 11) to base 14.
0
21 (base 6) to base 4
31
8 (base 10) to base 4
20
Convert -5 (base 15) to base 6.
-5
Convert 15 (base 16) to base 13.
18
What is 1c (base 14) in base 8?
32
What is 1 (base 7) in base 13?
1
-38 (base 14) to base 9
-55
Convert 2 (base 14) to base 11.
2
What is c (base 13) in base 12?
10
Convert 4 (base 13) to base 12.
4
What is -3 (base 14) in base 7?
-3
-35 (base 13) to base 12
-38
Convert 1 (base 14) to base 16.
1
What is -1031 (base 4) in base 15?
-52
Convert 324 (base 5) to base 2.
1011001
Convert 1022 (base 4) to base 13.
59
-210 (base 5) to base 6
-131
What is -423 (base 7) in base 13?
-135
-11 (base 2) to base 7
-3
Convert -5 (base 14) to base 13.
-5
-9a (base 12) to base 15
-7d
Convert 2 (base 4) to base 8.
2
4 (base 5) to base 13
4
Convert c (base 16) to base 8.
14
24 (base 11) to base 3
222
-14 (base 10) to base 6
-22
-105 (base 8) to base 3
-2120
What is 2 (base 13) in base 5?
2
Convert -3 (base 13) to base 16.
-3
Convert -131 (base 14) to base 2.
-11101111
What is -3 (base 9) in base 6?
-3
Convert -55 (base 8) to base 10.
-45
-104 (base 5) to base 8
-35
What is -9 (base 16) in base 4?
-21
4 (base 16) to base 13
4
What is 131 (base 7) in base 14?
51
81 (base 9) to base 14
53
1 (base 13) to base 7
1
Convert -17 (base 10) to base 12.
-15
What is 4 (base 14) in base 2?
100
What is -223 (base 4) in base 8?
-53
Convert 2 (base 4) to base 7.
2
5 (base 7) to base 16
5
Convert -1 (base 14) to base 2.
-1
What is -113 (base 7) in base 2?
-111011
207 (base 8) to base 11
113
What is -3 (base 5) in base 8?
-3
-8 (base 10) to base 9
-8
4 (base 12) to base 7
4
What is -103 (base 7) in base 10?
-52
What is 6 (base 10) in base 6?
10
Convert -5 (base 14) to base 5.
-10
What is -1 (base 13) in base 16?
-1
Convert 2 (base 4) to base 5.
2
-75 (base 11) to base 12
-6a
What is -283 (base 10) in base 16?
-11b
What is 34 (base 8) in base 15?
1d
What is -4 (base 12) in base 16?
-4
Convert -1c (base 16) to base 12.
-24
2 (base 12) to base 9
2
What is -12 (base 10) in base 15?
-c
Convert -12 (base 9) to base 13.
-b
Convert a3 (base 16) to base 5.
1123
-10 (base 9) to base 10
-9
7 (base 12)